hen c(s) is divided by 11.
3
Suppose 4*p = -u + 22, 4*u + 2 = -10*p + 9*p. Calculate the remainder when 21 is divided by p.
3
Let z = -896 - -953. Let n(j) = 4*j**3 - 3 + 9*j**2 - 4*j**3 + j**3 + 4*j + 1. What is the remainder when z is divided by n(-8)?
27
Let n = -20661 - -20705. Calculate the remainder when 91298 is divided by n.
42
Suppose -3*c - 5*m + 3 + 502 = 0, -3*m = -3*c + 513. Calculate the remainder when 517 is divided by c.
7
Let a(w) = w**3 + 13*w**2 + 9*w - 14. Suppose -6*d - 94 = -610. Calculate the remainder when d is divided by a(-12).
20
Suppose 0 = -5*l - 4*x + 107 + 3, -2*x - 110 = -5*l. Let h = -12 - -10. What is the remainder when -3 + 3 - (-45 - h) is divided by l?
21
Let h be ((-152)/(-20) - -2)/(3/30). Let d(i) = 5*i + 195. What is the remainder when d(-22) is divided by 4240/h + 1/(-6)?
41
Let j(g) = g + 24. Let p(t) = t**3 - 4*t**2 - 43*t - 8. What is the remainder when p(9) is divided by j(-17)?
3
Let t = 15469 - 12045. Calculate the remainder when t is divided by 27.
22
Let w(x) = 2*x**3 + 6*x**2 + 9*x + 89. Let z(u) = -u**2 - 2*u - 1. Let p(r) = w(r) + 5*z(r). What is the remainder when p(0) is divided by 9?
3
Suppose 0 = -3*v + 4*t + 1, -6*t - 1 = -v - 4*t. What is the remainder when 270 is divided by 37 - (-4 - (v + -1))?
36
Let f(t) = t**3 + 22*t**2 - 49*t + 20. Calculate the remainder when f(-24) is divided by 9.
8
Let z(k) = 5*k - 2. Let v(q) = 5*q - 2. Let x(a) = 3*v(a) - 2*z(a). Suppose -95*l + 88 = -91*l. What is the remainder when l is divided by x(3)?
9
Suppose -45 = 2*w - 5*w. Let t(r) = -5*r**2 + 11*r + 12*r - r**2 + 5*r**2 - 3. What is the remainder when t(19) is divided by w?
13
What is the remainder when (2*(-8)/(-16))/1 + (-3470)/(-5) is divided by 686?
9
Let y be 3/(-8) - 2665/104. Let a = -6 - y. Let h = a + -1. Calculate the remainder when h is divided by 5.
4
Let d be (-84)/15 - (-3)/5. Let m = d - -40. Suppose -34*v = -m*v + 30. Calculate the remainder when v is divided by 17.
13
Calculate the remainder when 455 is divided by (5 - -1)*(-34)/136*-80.
95
Let q = 12160 - 7836. What is the remainder when q is divided by 149?
3
Suppose -40 = -4*z + 4*t, -2*z + 31*t = 33*t - 32. What is the remainder when (-304)/(-14) + (-4)/(-14) is divided by ((-6)/(-3) + 0)*(z - 9)?
6
Suppose 7*n - 6*n + 4*r + 5 = 0, -n + 13 = -2*r. Suppose -3*t + n = -4*f, 2*f - 2 = -9*t + 5*t. Calculate the remainder when 12 is divided by t.
0
Let x(k) = k**3 - 30*k**2 + 57*k + 118. What is the remainder when x(29) is divided by 265?
135
Let s = 1313 - 611. What is the remainder when s is divided by 15?
12
Suppose 6*f - 170 = f. Let h = -2985 + 2970. Let w = h + f. Calculate the remainder when 36 is divided by w.
17
Suppose -3*u = 4*s - 271, 0*u = 3*s - u - 213. Let o = s + -73. Calculate the remainder when 18 is divided by 5 + (0 - (o + 8/2)).
2
Suppose -9*h = 5 - 41. Suppose -h*p - 11*c + 420 = -15*c, -4*p - 4*c + 404 = 0. Calculate the remainder when p is divided by 12.
7
Let a(n) = 43*n + 4. Let c be a(1). Let k = c - 44. What is the remainder when ((-92)/k - 6)*(-3)/2 is divided by 12?
7
Suppose -8*w + 28 = -4. Suppose w*p + 4 = 0, 5*p = -5*d + 4*p + 44. What is the remainder when 24 is divided by d?
6
Let c = -24 - -31. Suppose -22 = c*o + 27. What is the remainder when 43 is divided by ((-22)/8)/(o/28)?
10
Suppose 3*p - 11*p = -3*p - 3985. Calculate the remainder when p is divided by 32.
29
Suppose 16877 - 86573 = -396*k. What is the remainder when 544 is divided by k?
16
Suppose -1292 + 1312 = 4*l, 2*l + 323 = 3*z. What is the remainder when 1661 is divided by z?
107
Let t(k) = k**3 + k**2 - 2*k - 232. Let b be t(0). Let p = 245 + b. Calculate the remainder when 24 is divided by p.
11
Let l(j) = j**3 - 7*j**2 + 13*j - 34. Let q be l(7). Suppose -3*g + 0 + q = 0. What is the remainder when 29 is divided by g?
10
Suppose -3774 = -14*g - 23*g. Let r(l) = -2*l - 16. Let h be r(-6). Calculate the remainder when g is divided by 74/2 - (0 + (h - -6)).
32
Let b = 5462 - 4998. Calculate the remainder when b is divided by 515/35 - 4/(-14).
14
What is the remainder when -5 - 3930/((-72)/12) is divided by 20?
10
Suppose -6*b + 5*b + 6 = 0. Let t(i) = i**3 + 19*i**2 - 24*i - 34. Calculate the remainder when t(-20) is divided by (-40)/6*b/(-5).
6
Suppose 239 = -4*i + 259. Let p be i - ((-3)/1 + -202). Suppose -12*s + 2*s = -p. What is the remainder when 125 is divided by s?
20
What is the remainder when (-1)/(((-7)/(-7))/(-11334)) is divided by 218?
216
Let n = 6113 - 5971. Calculate the remainder when 265 is divided by n.
123
Let i = -16955 + 16989. What is the remainder when i is divided by -2*10/(-6)*6?
14
Calculate the remainder when ((-89024)/(-224) - 12) + (-6)/14 is divided by 102.
79
Let v(z) = -84*z**3 - z**2 + 3*z + 4. Let y be v(-1). Let x = 99 - y. What is the remainder when 72 is divided by x?
12
Suppose 2*q - 5*j + 33 = 0, -5*q + 61*j + 57 = 64*j. Calculate the remainder when 43 is divided by q.
1
Let m(z) = 2*z**3 + 31*z**2 - 23*z + 6. Let x be m(-17). Let n = x - -480. Calculate the remainder when 13 is divided by n.
3
Let b = 1287 - 2024. Let i = -697 - b. Calculate the remainder when 148 is divided by i.
28
Let b be ((-19)/19)/(1/(-5)). Suppose -b*d + 78 = d. Suppose w - 54 = 4*y, 4*y = -4*w + 238 + 78. What is the remainder when w is divided by d?
9
What is the remainder when ((-144)/56)/(22/(-231)) is divided by ((-270)/(-162))/(2/12)?
7
Suppose -11 = -2*g + 5*w - 0, 3*w - 12 = -5*g. Let c be (-18)/12*8/6 + 3. Calculate the remainder when g is divided by (c/(-13))/(41/(-533)).
0
Let b(o) be the third derivative of -5*o**4/12 + 11*o**3 - 145*o**2. Calculate the remainder when b(-6) is divided by 70.
56
Let v(c) = 9*c**2 - 224*c - 3147. What is the remainder when v(-14) is divided by 93?
79
Let g be ((-13)/3 + -4)*(1 - 4). Suppose 0 = -3*d + 11 + g. Calculate the remainder when 202 is divided by d.
10
Let f(a) = -2*a**2 - 73*a + 4. Let m be f(-37). Let v = 125 + -180. Let d = m - v. Calculate the remainder when d is divided by 6.
4
Let t = 167 + -145. Suppose 18*c + 280 = t*c. Let b = 29 + -17. Calculate the remainder when c is divided by b.
10
Let u = -203 + 923. Suppose -11*n = -35*n + u. What is the remainder when 40 is divided by n?
10
Suppose 3*r - 19*g = -22*g + 279, -g = -r + 85. Let j(c) = -c**3 + 8*c**2 - 8*c + 7. What is the remainder when r is divided by j(6)?
27
Let n(d) = 23*d - 17. Let v = -31 + 35. Suppose h + 2 = v*o, -3*h - h + 3 = -5*o. What is the remainder when n(h) is divided by 12?
5
Suppose 13 = 3*s - 5. Let m(n) = -n**3 + 8*n**2 - 8*n + 3. Calculate the remainder when m(s) is divided by (6/4)/(9/60).
7
Suppose 19*f = 12*f - 77. Let u(r) = -7*r - 36. Calculate the remainder when 573 is divided by u(f).
40
Let l(t) = t**3 + 4*t**2 + t - 1. Let i be l(-2). Suppose -2*f = -j + i, -f + 4*f + 2*j = 3. What is the remainder when 26 is divided by 14 - 1 - (3 + 5/f)?
11
Let d(y) = 2*y**3 - 6*y**2 - 9*y - 4. Suppose -15*m = -18*m + 15. What is the remainder when d(m) is divided by 18?
15
Suppose -37*z + 14*z + 2052 = 4*z. What is the remainder when z is divided by 20?
16
Let o(r) = 793*r - 7834. What is the remainder when 343 is divided by o(10)?
55
Suppose -2699 - 2366 = -4*a - a. What is the remainder when a is divided by 113?
109
Let f = -22 + 16. Let s be (f/4)/(3/(-6)). Let u = 17 - s. Calculate the remainder when u is divided by 3.
2
Let m = -4883 + 5647. What is the remainder when m is divided by 191?
0
Suppose -4*s = q - 39, -46 = -3*q + s + 45. Suppose -168*o + 209 = h - 167*o, -4*h + 4*o = -868. What is the remainder when h is divided by q?
27
Let j(f) = -f**3 - 8*f**2 - 21*f - 9. Let n be j(-5). Let c = 7 - 15. Let b = n - c. What is the remainder when b is divided by 11?
7
Let c be (3 + 5/(-2))/((-3)/(-18)). Suppose c*q + 12 = 108. What is the remainder when q is divided by 20?
12
Suppose 2*c - 154 = 4*d, -99 = 8*d - 5*d + 4*c. Let z(t) = t**2 + 14*t + 16. Let u be z(-16). Let n = u - d. Calculate the remainder when n is divided by 44.
41
Suppose -99 = -5*t + 11. Let g = 543 + -370. Calculate the remainder when g is divided by t.
19
Let x be (-250)/(-5) + (-3)/(-6)*2. Suppose -5*t - 11 = 5*g - x, -4*t + 8 = g. Calculate the remainder when 94 is divided by g.
6
Let p = -3346 + 3401. Ca